6. Let z(m) = -m**2 - 10*m + 18. Let a be z(-10). Let g be t(a). Let v = g + -111. What is the units digit of v?
1
Let t = -159 + 70. Let i = 334 + t. What is the hundreds digit of i?
2
Let k(s) = 12*s**2 + 361*s - 2523. What is the hundreds digit of k(7)?
5
Suppose 8 = 2*f, -3052 - 682 = -z - 4*f. What is the tens digit of z?
1
Let v = -59 - -61. Suppose n = 6*n - 290. Suppose -v*l + 3*l = n. What is the units digit of l?
8
Let w be (-4)/(-34) + (-401496)/204. Let n be (-1)/(-2 + (-3938)/w). What is the tens digit of n/(-14) + (-2)/7?
7
Suppose 4*v + 1730 = 5*a, 4*a - 1912 = -v - 528. Suppose -4*f = q - 276, -q = 5*f - 0*q - a. Let u = 179 - f. What is the units digit of u?
9
Suppose -l + 2*p + 99 = 0, -2*p + 447 = 4*l + l. Suppose -7*s + l = -336. Suppose -14 = -3*z + s. What is the units digit of z?
5
Suppose 3*n + 45 = -6*n. Let r(l) = -l**3 - 4*l**2 + 4*l + 15. Let y be r(n). Suppose -875 = -25*b + y*b. What is the units digit of b?
5
Suppose 7*d - 163519 = 170764 - 42565. What is the units digit of d?
4
Suppose -28*f = -176241 + 41132 - 164323. What is the ten thousands digit of f?
1
Let d(u) = -11*u - 21. Suppose 4*o + 54 = -3*h, 7*o + 5*h + 34 = 5*o. Let a be d(o). Suppose -w = t - 65, 149 = 4*t - 5*w - a. What is the tens digit of t?
6
Suppose -13601834 = -171*i - 92*i. What is the hundreds digit of i?
7
Let u(w) be the first derivative of 221*w**2 - 85*w - 139. What is the tens digit of u(3)?
4
Let l = -174 - -265. Suppose -l*t = -90*t - 445. What is the hundreds digit of t?
4
What is the tens digit of 1/5 + (42 - (-5262572)/140)?
3
Suppose -8*y = -1099 - 541. Suppose 220 = 3*h + y. What is the units digit of h?
5
What is the units digit of (34184/14)/1 + (-13120)/287 + 46?
2
Suppose -2*b + 4490 = y, -2*b - 5*y = 1187 - 5685. What is the hundreds digit of b?
2
What is the hundreds digit of ((-4)/(-5))/(-2) + 59604741/2615?
7
Let d = -108881 - -160888. What is the hundreds digit of d?
0
Let c be 11 - 17 - (-126)/(-3). Let w(s) = -20*s - 1. Let l be w(-1). Let k = l - c. What is the units digit of k?
7
Let u = 15959 - -3166. What is the hundreds digit of u?
1
Let s(m) = m**3 + 9*m**2 + 15*m + 12. Let x be s(9). Suppose 4*v + 4*w = 1612, 2*v + 2*v - x = 3*w. What is the tens digit of v?
0
What is the tens digit of ((44/88)/((-1)/614))/((-3)/456)?
6
Let z be (-13)/(26/24)*1. Let s be 15/(-10)*z/27*6. Suppose -n + 110 = s*m, n - 3*m - 478 = -3*n. What is the hundreds digit of n?
1
Suppose 115*f + 108*f = 253*f - 334650. What is the tens digit of f?
5
Let u be ((-15)/10)/(21/28). What is the hundreds digit of (-5 - -808 - 2) + 5 + u?
8
Let f(a) = -169*a**2 - 2*a + 13. Let b(p) = 254*p**2 + 2*p - 20. Let n(g) = -5*b(g) - 8*f(g). What is the units digit of n(1)?
4
What is the thousands digit of -38072*(17/(-68))/((-4)/(-8))?
9
Let l be 8 + (614 - (5 - 4)). Let z = l + -409. What is the tens digit of z?
1
Suppose -2*g = 5*c - 50784, c - 2*c - 2*g = -10160. What is the thousands digit of c?
0
Let s = -510 - -1099. Suppose 3*n - 2*q + 5*q = 1731, n - 2*q - s = 0. What is the units digit of n?
1
Let v = 14206 - 8520. What is the hundreds digit of v?
6
Let x(c) = 4*c**2 - 6*c - 7. Let s be 116/(-20) + 9/(-45). What is the units digit of x(s)?
3
Let n be -6*(-2 + -98*(-2)/6). Let c = n - -261. What is the units digit of c?
7
Let p(u) = -u**3 + 53*u**2 + 13*u - 136. What is the thousands digit of p(44)?
7
Suppose p + 2192 = -0*p. What is the hundreds digit of p/(-18) - (-3 - 25/(-9))?
1
Let c be 3/12 + 75/4. Suppose 1494 = -n + c*n. What is the units digit of n?
3
Let c(q) = q - 3. Let a(h) = 168*h + 35. Let p(d) = 2*a(d) + 6*c(d). What is the hundreds digit of p(3)?
0
Let b(d) be the second derivative of d**4/12 - 17*d**3/6 + 51*d**2 + 8*d - 5. What is the units digit of b(25)?
2
Suppose h + 27 = -12. Let x be (-140)/(-4)*(3 - h/(-15)). Suppose -x + 270 = 4*a. What is the tens digit of a?
6
Let k(v) = 14*v**2 - 97*v - 631. What is the tens digit of k(-44)?
4
Let s = -19162 - -36777. What is the thousands digit of s?
7
Let s be (-14)/5 - (-1)/(-5). Let x be (3/(-3))/(2*s/24). Suppose -187 = -2*y - 5*m, x*y - 3*m - 66 = 3*y. What is the units digit of y?
1
Let j(m) = -20*m - 1. Let x = 22 - 20. Suppose u + 21 = -4*u - h, x*u + 22 = 3*h. What is the units digit of j(u)?
9
Let k(v) = -59 - 36 - 9 - 63*v - 34 - 75*v. What is the units digit of k(-8)?
6
Let j(p) = 114*p**2 - 5*p - 359. What is the hundreds digit of j(17)?
5
Let h be (12/10)/((-12)/40). Let t be 15/((-12)/h) - 1*-3. Suppose -755 = -13*a + t*a. What is the tens digit of a?
5
Suppose 0 = 5*k - 556 - 3439. Let x = -505 + k. What is the hundreds digit of x?
2
Let s be 6/(-9) - ((-20)/3 + 1). Suppose -s*g = 22 + 23. Let y = 65 - g. What is the tens digit of y?
7
Let w(m) = 3*m - 9. Let t be w(5). Let g(d) = -9 + 6 - t*d - 2*d + 5*d**2 - 13. What is the tens digit of g(6)?
1
Let g = -147 + 156. Let b(l) = -2 + g + 15*l + l. What is the units digit of b(3)?
5
Suppose 2*c = 13 + 17. Suppose q + 5*u = -15, -c = -2*q - q + 5*u. Suppose q = g - 4*g + 504. What is the units digit of g?
8
Suppose -3*f + 3*t - 2219 = -4*f, 0 = 2*f - 4*t - 4428. Suppose 6*k - 250 = f. What is the tens digit of k?
1
Let g = -3698 - -5352. What is the tens digit of g?
5
Let d = -5393 - -9062. What is the hundreds digit of d?
6
Let f(r) = 3*r**2 + 182*r + 2924. What is the ten thousands digit of f(-142)?
3
Let g(c) = -c**2 + 3*c - 1. Let p be g(3). Let z = 10 - p. Suppose -h = -28 + z. What is the units digit of h?
7
Let l = 471 - 329. Let v(b) = -b**3 + 17*b**2 - 18*b - 41. Let g be v(16). Let c = g + l. What is the tens digit of c?
6
Let c(s) = -221*s + 83. Let k(j) = j**3 - 5*j**2 - 15*j + 51. Let h be k(6). What is the units digit of c(h)?
6
Let w(v) = -v**3 + 4*v + 204. Let s(o) = 5*o + 50. Let k be s(-10). Let h be k*((-12)/16)/(6/4). What is the hundreds digit of w(h)?
2
Let c(f) = f**2 + f - 1. Let k(i) = 6*i**3 + 4*i**2 + 4*i - 7. Let d(w) = -5*c(w) + k(w). Let s be d(2). Suppose l - 90 = s. What is the tens digit of l?
3
Let r(i) = 5*i + 105. Let w be r(-21). Suppose -9*l + 23*l - 7448 = w. What is the units digit of l?
2
Let f be (10 - 10)*(-2)/4. Suppose f = 6*u - 0*u. Suppose u = -5*x + 345 - 35. What is the units digit of x?
2
What is the tens digit of (59 - 59) + -7570*(-1)/2?
8
Let i be (-16225)/59*14/(-10). Let z = i - -426. What is the tens digit of z?
1
Let m = 235 + -201. Let i(p) = -p**2 + 35*p + 65. What is the units digit of i(m)?
9
Let x(g) = 4361*g**2 - 48*g - 46. What is the hundreds digit of x(-1)?
3
Let k(f) = -8*f + 18. Let x be k(-6). Suppose -415*c = -409*c - x. What is the units digit of c?
1
Let y(x) = -1517*x - 22. What is the thousands digit of y(-5)?
7
Let l(r) = 17*r - 69. Let k be l(20). Let s = k - 158. Let o = -14 + s. What is the units digit of o?
9
Suppose n - 1817 = -3*u, 3*n + 12*u - 10*u = 5437. Let b = n - 737. What is the thousands digit of b?
1
Let q(v) = -4*v**2 + 13*v + 3. Let n = -49 - -44. Let r(m) = -5*m**2 + 13*m + 3. Let o(f) = n*r(f) + 6*q(f). What is the units digit of o(-13)?
3
Suppose -3*c - 84 = -2*i, -3*c - 168 = -3*i - i. Suppose -5*s = -w - 183, -4*w + 93 = 3*s + w. Let y = i + s. What is the units digit of y?
8
Let k(w) = 2*w**2 - 4*w + 15. Let y(u) = -u**2 + 3*u - 14. Let i(p) = 6*k(p) + 7*y(p). Let o be i(4). Suppose -2*x + o - 18 = 0. What is the units digit of x?
1
Let z be ((-536)/(-16) + 1)*20/15. Let p be 1/(-2) + (-282)/(-4). Let t = z + p. What is the tens digit of t?
1
What is the units digit of (64 - 33)/(3 + (-7188)/2397)?
9
Suppose 2*t = 3*t - 1, 5*k - t = 129. Suppose s + k = -3*r, -10*r + 6*r + 12 = -s. What is the units digit of (-195)/(-6)*(-24)/s?
9
Let r be 4*-2*(-3 - -5)*9. Let d = -207 - r. What is the hundreds digit of d/(-6)*1/(2/28)?
1
Let q = 77 - -1324. Suppose -15*x + q = -69. What is the tens digit of x?
9
Let w(b) be the first derivative of -7 - 9/2*b**2 + 8*b + 1/3*b**3. What is the units digit of w(-6)?
8
Let r(o) = 49*o**2 + 31*o - 69. Let i be r(5). Let k = i + -601. What is the units digit of k?
0
Suppose 231610 = -300*h + 319*h. What is the hundreds digit of h?
1
Let l(q) = q**3 - 9*q**2 + 11*q + 2. Let f be l(6). What is the hundreds digit of (-33507)/(-187) - (2 + f/22)?
1
Let p(z) = 7*z**2 + 23*z - 26. Suppose 2*g - 